 j - -9. Suppose -30 = -m*c + 18. What is the tens digit of c?
1
Suppose 0 = -d - d + 4*g + 24, 45 = 3*d - 3*g. What is the tens digit of 0 + 39/(-6)*d*-1?
1
Let p = 19 + -14. Suppose -8 = -2*j - 4*k, -p*j - 22 = -3*j - 2*k. Let y = 1 - j. What is the units digit of y?
7
Let k = 18 + -24. Let t = k - -15. What is the tens digit of ((-12)/t)/(2/(-57))?
3
Let s(t) = t**3 + 5*t**2 - 7*t - 7. Suppose 0*r - 6 = r. Let m be s(r). What is the units digit of 0 - m*102/3?
4
Suppose 4*m - 6 = 2*u - u, 4*u - m = -54. Let k(o) = -o**2 - 19*o - 6. Let d be k(u). Let w = d + -34. What is the tens digit of w?
3
Let j = -358 + 582. What is the tens digit of j?
2
Let r = 77 + -85. What is the units digit of 44 - (4 + r - 0)?
8
Let s(n) = -43*n + 35. Let p be s(-7). Let l = p + -209. What is the hundreds digit of l?
1
Suppose -2788 = -6*z + 2222. What is the hundreds digit of z?
8
Let b(s) be the second derivative of -3*s**5/10 - s**3/3 - s**2 - 7*s. What is the tens digit of b(-2)?
5
Let d(w) = -7*w - 8. Let j be d(-4). Let t = j - 20. Suppose -p + 4*s + 1 = 0, t*p - 32 = -2*p - 2*s. What is the tens digit of p?
1
Let j = 6605 - 4444. What is the tens digit of j?
6
Suppose 3*w + t = -t + 8, -5*w - t + 11 = 0. Suppose 0 = -3*j - 2*b + 84, 0 = -j - b - w*b + 28. What is the units digit of j?
8
Suppose 30*y - 27780 = -3990. What is the units digit of y?
3
Let v(t) = -185*t**3 - 5*t**2 - 10*t - 3. What is the units digit of v(-2)?
7
Let t = 4 - 4. Let c be t/(-5)*1/2. Suppose i = -3*d + 11 - c, -3*d + 5*i = 19. What is the units digit of d?
2
Let l(z) = 368*z - 23. What is the tens digit of l(2)?
1
Let l = 3461 - 1985. What is the thousands digit of l?
1
Let g = 558 + 190. What is the hundreds digit of g?
7
Let s(h) = -31*h + 7*h + 26*h - 2. Let q be 6/(1*3/2). What is the units digit of s(q)?
6
Suppose 2*c = -3*r + 3011, -9*c + 12*c = -r + 1013. What is the thousands digit of r?
1
Suppose 84 = 4*c - c. Suppose 0 = -4*f + 304 - c. Suppose -i = 2*i - f. What is the units digit of i?
3
Suppose -8*s = -4*s - 3*k + 49, 0 = -s + 3*k - 19. Let x be 2/(-10) + (-62)/s. Suppose -2*p + x*p = 16. What is the units digit of p?
4
Let g be (-8 + -2)*(-170)/4. Suppose -755 - g = -10*i. What is the units digit of i?
8
Let t be -3*(1 - (-2)/6). Let g(l) = -12*l - 8. Let j be g(t). Suppose v = 6*v + 5*y - j, -4*v + y = -17. What is the units digit of v?
5
Suppose 4318 = -2*s - 5*a + 17363, 2*s + 3*a - 13043 = 0. What is the tens digit of s?
2
Let n be 1/(-5) + (-1)/((-15)/63). Let u be (-1)/(-2) - (-187)/2. Suppose 3*i = n*q - 127, 5*q + 4*i = u + 26. What is the units digit of q?
8
Let g(u) = -u**3 + 8*u**2 - 6*u - 6. Let c = 14 + -7. Let s be g(c). What is the tens digit of 21/(-28)*(-24)/s?
1
Let l be 3/6*(-7 - -3). Suppose -5*g = 5, 0 = -a - 0*g - 2*g - 6. What is the units digit of (-4)/(a/53) - l?
5
Let t = -1815 - -4865. What is the units digit of t?
0
What is the tens digit of (0 + 12)/(((-448)/(-1274))/16)?
4
Let p = 209 - -199. What is the tens digit of p?
0
Suppose 20*w - 8200 - 1220 = 0. What is the tens digit of w?
7
Let i(q) = 116*q**2 + 19*q - 65. What is the thousands digit of i(4)?
1
Let y = -24 + 44. Suppose -3*f + y + 13 = 0. Let v(u) = -u**3 + 12*u**2 - 10*u + 11. What is the tens digit of v(f)?
2
Suppose 0 = -4*r + 24 - 0. Suppose 0 = -r*z + 233 + 499. What is the hundreds digit of z?
1
Suppose -7*i - 68 = -3*i. Let j = -14 - i. Let q(s) = 16*s + 1. What is the tens digit of q(j)?
4
Let b(t) = -t**2 + t + 226. Let c be b(0). Suppose -2*y + 208 = -3*i, 86 = 3*y + 3*i - c. What is the tens digit of y?
0
What is the units digit of ((-2)/(-6))/((-24)/(-2232))?
1
Let n = 299 + -165. What is the hundreds digit of n?
1
Let k(l) = -1453*l - 142. What is the hundreds digit of k(-1)?
3
Let c(t) = 2 + 8*t + 0*t - t**2 + 3 + 0*t**2. Let j = -11 + 19. What is the units digit of c(j)?
5
Let i = 115 - 117. What is the tens digit of (i + -1)/(-5 - 544/(-110))?
5
Let c be (-32)/(-16) - 2*-2. Let p(u) = u**3 - 3*u**2 - 7*u - 10. What is the tens digit of p(c)?
5
Let s be 4 + ((-1420)/(-5) - 2). Suppose 0 = -u - x + 135, u = -u + 2*x + s. What is the hundreds digit of u?
1
Suppose 0 = 4*p - 571 - 97. Suppose p = 4*o + 11. What is the tens digit of o?
3
Let y be (-8)/(-10)*(11 + -6). Suppose -y*v + 32 = -28. Let w = v + -1. What is the units digit of w?
4
Suppose 3981 + 13149 = 6*i. What is the tens digit of i?
5
Suppose p - x + 5*x - 35 = 0, 4*x - 113 = -3*p. What is the units digit of p?
9
Let m(q) = 4*q + 4. Let g(r) = r**2 + 2. Let x(i) = 3*i + 1. Let f be x(-1). Let a be g(f). What is the tens digit of m(a)?
2
Let c = 65 + -60. Suppose c*o - 205 = 70. What is the units digit of o?
5
What is the thousands digit of (712/20)/(9/315)?
1
Let r be 12/(-24)*(-16)/2. Suppose 2*l + h + 0*h = -3, -r*h - 12 = 3*l. What is the tens digit of (l + 84)*(-4)/(-6)?
5
What is the tens digit of 7/42 - 135909/(-54)?
1
Let r = -88 + 221. Suppose 0 = 5*b + 3*s - 616, 4*b - r - 352 = -5*s. What is the tens digit of b?
2
What is the tens digit of 3/5 - (-7177)/5?
3
Let h(j) = 5*j**2 - 4*j - 2. What is the hundreds digit of h(8)?
2
Let m be (-17)/(-68) - 2326/(-8). Suppose 3*d - m + 59 = 2*u, -2*d + 138 = 2*u. What is the units digit of d?
4
Let f = 52 + 12. Suppose 2*v + 5*u - f = 11, -4*u = 4*v - 120. What is the tens digit of v?
2
Suppose 5*z = 2*k + 1497, -3*z + 214 = 3*k - 701. What is the tens digit of z?
0
Suppose w = -2*j + 1068, -5*w = -5*j - 5036 - 304. What is the units digit of w?
8
Let u = -7 + 57. What is the tens digit of 2/5 + 4*1095/u?
8
Suppose -23 = 5*p + 37. Let a be (-154)/(-8) - p/16. Suppose -4*s + 5*c = -150, 2*c + a + 16 = s. What is the tens digit of s?
4
Suppose -16*i = 19*i - 32795. What is the units digit of i?
7
Let o = 1569 - 875. What is the hundreds digit of o?
6
Let w = -138 + 353. Suppose 2*a = a + 2, 3*x - 5*a = w. What is the units digit of x?
5
What is the tens digit of 3/2*3*98424/162?
3
What is the hundreds digit of (-506)/(-9)*8 - 2/(-9)?
4
Let u be 9/((-4)/(2*14)) + 0. Let q = u - -100. What is the units digit of q?
7
Let o(i) = 27*i**2 - i - 49. What is the units digit of o(-7)?
1
Suppose 0*l + 2*l = 384. Let t(g) = -g**3 - 23*g**2 - 52*g + 166. Let x be t(-20). Suppose x*u = 2*u + l. What is the units digit of u?
8
Let x(h) = 450*h + 8. What is the tens digit of x(1)?
5
Let i = -85 - -151. Suppose -5*j + 149 + i = 0. What is the units digit of j?
3
Suppose 4*b + 5 = -3. Let s be b/(-6) - (-4)/(-12). Suppose -k + 37 = 2*i - s*k, 2*k + 52 = 3*i. What is the units digit of i?
8
What is the units digit of 5/(-5) + 228 - 6?
1
Suppose 496 = q - 5*n, 2*q - q - 496 = -5*n. Let t = q + -327. What is the units digit of t?
9
Let c = 2565 - 252. What is the units digit of c?
3
Suppose -92 = -6*m + 358. What is the units digit of m?
5
Suppose 3*y - 16 = -y. Suppose 0 = -y*q + 2*h + 732, 0 = 3*q + 5*h - 3*h - 542. What is the units digit of q?
2
Suppose 5*w - 22 = -3*o, -w - 3*o = 3*w - 17. Suppose w*k + 3*d - 310 = 0, 4*k + 0*d - 248 = -d. What is the units digit of k?
2
Let z be 1*4/14 - (-32)/(-112). Suppose -2*v - 3*k + 73 + 184 = 0, -4*v - k + 499 = z. What is the tens digit of v?
2
Suppose -15*k - 5*n = -11*k - 3715, n = -2*k + 1853. Suppose -5*a + k = -h, 4*h + 388 = 5*a - 3*a. What is the units digit of a?
4
Let x = 2653 + -1364. What is the thousands digit of x?
1
Suppose -6 = c - 2. What is the hundreds digit of (-1974)/(-15) - (90/25 + c)?
1
Let k(m) = -9*m**2 + m + 3*m**2 + 30*m**3 - 1 + 5*m**2. Suppose -s + 3*s = -3*g - 4, -s = 2*g + 3. What is the tens digit of k(s)?
2
Suppose -3*l = -5*l - 8. Let q be (-1 - 2) + -1 - l. Suppose -4*o - p + 31 = -6*p, -4*o - 4*p + 76 = q. What is the tens digit of o?
1
Let y(d) = -d**3 + 2*d**2 - 3*d + 1. What is the tens digit of y(-9)?
1
What is the units digit of (-8 - 3636/(-15)) + (-2)/5?
4
Suppose 2*a - 32 = 5*p, -32 = -0*a - 2*a - 4*p. Let v = a + -12. Suppose 2*k + 27 = v*j - k, 5*j = -4*k + 26. What is the units digit of j?
6
Let q = -13 + 15. Let s = -6 + q. What is the units digit of (-35)/s - (-8)/32?
9
Let g(j) = 2*j**2 + 37*j + 45. What is the hundreds digit of g(-30)?
7
What is the units digit of (1 + 2)*(816/(-18))/(-4)?
4
Let f = -11 + 53. Suppose -t - 2 = -f. What is the units digit of t?
0
Suppose 5*f